{"id":434,"date":"2024-11-05T20:48:56","date_gmt":"2024-11-05T20:48:56","guid":{"rendered":"https:\/\/da-creole-underground.com\/?page_id=434"},"modified":"2024-11-05T21:23:32","modified_gmt":"2024-11-05T21:23:32","slug":"a-propos","status":"publish","type":"page","link":"http:\/\/da-creole-underground.com\/index.php\/fr\/a-propos\/","title":{"rendered":"A PROPOS"},"content":{"rendered":"\n<h2 class=\"wp-block-heading has-text-align-center has-secondary-color has-white-background-color has-text-color has-background has-link-color wp-elements-28dec3f0597b3c2981a8179d4498f3b7\"><em>\u201cDe l\u2019eau, du sel, de la farine de qualit\u00e9 et\u2026 du temps : voil\u00e0 nos ingr\u00e9dients.\u201d<\/em><\/h2>\n\n\n\n<div class=\"wp-block-group has-global-padding is-layout-constrained wp-container-core-group-is-layout-3a820303 wp-block-group-is-layout-constrained\" style=\"padding-right:var(--wp--preset--spacing--small);padding-left:var(--wp--preset--spacing--small)\">\n<p class=\"has-text-align-center\" style=\"font-size:clamp(14px, 0.875rem + ((1vw - 3.2px) * 0.417), 18px);\">CO-PAIN pr\u00e9sente l\u2019un des produits phares de la gastronomie fran\u00e7aise : le pain artisanal, ainsi que toute sa gamme de viennoiseries et p\u00e2tisseries. Ces d\u00e9lices sont fabriqu\u00e9s sur place \u00e0 Mallorque, dans notre atelier, par des ma\u00eetres boulangers fran\u00e7ais.<\/p>\n\n\n\n<figure class=\"wp-block-gallery has-nested-images columns-default is-cropped wp-block-gallery-1 is-layout-flex wp-block-gallery-is-layout-flex\">\n<figure class=\"wp-block-image size-large\"><img loading=\"lazy\" decoding=\"async\" width=\"576\" height=\"1024\" data-id=\"382\" src=\"https:\/\/da-creole-underground.com\/wp-content\/uploads\/2024\/11\/IMG_2823-576x1024.jpeg\" alt=\"\" class=\"wp-image-382\" srcset=\"http:\/\/da-creole-underground.com\/wp-content\/uploads\/2024\/11\/IMG_2823-576x1024.jpeg 576w, http:\/\/da-creole-underground.com\/wp-content\/uploads\/2024\/11\/IMG_2823-169x300.jpeg 169w, http:\/\/da-creole-underground.com\/wp-content\/uploads\/2024\/11\/IMG_2823-2000x3556.jpeg 2000w, http:\/\/da-creole-underground.com\/wp-content\/uploads\/2024\/11\/IMG_2823-scaled.jpeg 1440w\" sizes=\"auto, (max-width: 576px) 100vw, 576px\" \/><figcaption class=\"wp-element-caption\">Une baguette tradition dans la vieille ville de Palma<\/figcaption><\/figure>\n\n\n\n<figure class=\"wp-block-image size-full\"><img decoding=\"async\" data-id=\"428\" src=\"http:\/\/da-creole-underground.com\/wp-content\/uploads\/2024\/11\/e17ba842-715d-4f2f-9b7c-2d6e1824bc18-3.mov\" alt=\"\" class=\"wp-image-428\"\/><\/figure>\n\n\n\n<figure class=\"wp-block-image size-large\"><img loading=\"lazy\" decoding=\"async\" width=\"576\" height=\"1024\" data-id=\"383\" src=\"https:\/\/da-creole-underground.com\/wp-content\/uploads\/2024\/11\/IMG_2847-576x1024.jpeg\" alt=\"\" class=\"wp-image-383\" srcset=\"http:\/\/da-creole-underground.com\/wp-content\/uploads\/2024\/11\/IMG_2847-576x1024.jpeg 576w, http:\/\/da-creole-underground.com\/wp-content\/uploads\/2024\/11\/IMG_2847-169x300.jpeg 169w, http:\/\/da-creole-underground.com\/wp-content\/uploads\/2024\/11\/IMG_2847-2000x3556.jpeg 2000w, http:\/\/da-creole-underground.com\/wp-content\/uploads\/2024\/11\/IMG_2847-scaled.jpeg 1440w\" sizes=\"auto, (max-width: 576px) 100vw, 576px\" \/><figcaption class=\"wp-element-caption\">Notre focaccia naturel \u00e0 salvatje<\/figcaption><\/figure>\n<\/figure>\n\n\n\n<div class=\"wp-block-group has-global-padding is-layout-constrained wp-block-group-is-layout-constrained\">\n<h2 class=\"wp-block-heading has-large-font-size\">Nos valeurs<\/h2>\n\n\n\n<div class=\"wp-block-columns wp-embed-aspect-16-9 wp-has-aspect-ratio has-background is-layout-flex wp-container-core-columns-is-layout-ec2e7a44 wp-block-columns-is-layout-flex\" style=\"border-style:none;border-width:0px;background-color:#0bb5aa2e;padding-top:0;padding-bottom:0\">\n<div class=\"wp-block-column is-layout-flow wp-block-column-is-layout-flow\">\n<ul class=\"wp-block-list\">\n<li>Nous sommes convaincus de l\u2019importance d\u2019offrir \u00e0 nos clients un service personnalis\u00e9. C\u2019est pourquoi tous nos produits sont fabriqu\u00e9s directement \u00e0 Mallorque, dans notre atelier, et notre \u00e9quipe se charge de les livrer personnellement, congel\u00e9s, directement \u00e0 votre porte.<\/li>\n<\/ul>\n\n\n\n<ul class=\"wp-block-list\">\n<li>Nous s\u00e9lectionnons la meilleure farine fran\u00e7aise, provenant de l\u2019un des derniers moulins fran\u00e7ais 100 % biologiques, tout en soutenant la pratique du \u00ab km 0 \u00bb en privil\u00e9giant l\u2019agriculture locale. C\u2019est pourquoi nous utilisons le meilleur de la production mallorquine, tels que les olives, la farine de caroube et l\u2019huile d\u2019olive.<\/li>\n<\/ul>\n\n\n\n<ul class=\"wp-block-list\">\n<li>Parce que nous valorisons le talent, nous avons recrut\u00e9 avec soin les meilleurs boulangers fran\u00e7ais pour diriger notre atelier.<\/li>\n<\/ul>\n<\/div>\n<\/div>\n<\/div>\n\n\n\n<div style=\"height:42px\" aria-hidden=\"true\" class=\"wp-block-spacer wp-embed-aspect-16-9 wp-has-aspect-ratio\"><\/div>\n\n\n\n<h2 class=\"wp-block-heading has-large-font-size\">Notre \u00e9quipe<\/h2>\n\n\n\n<figure class=\"wp-block-image aligncenter size-large is-resized\"><img loading=\"lazy\" decoding=\"async\" width=\"1024\" height=\"682\" src=\"https:\/\/da-creole-underground.com\/wp-content\/uploads\/2024\/11\/classicu-2024-10-31-51452.048\u202fPM-1024x682.jpeg\" alt=\"\" class=\"wp-image-385\" style=\"aspect-ratio:16\/9;object-fit:cover;width:614px;height:auto\" srcset=\"http:\/\/da-creole-underground.com\/wp-content\/uploads\/2024\/11\/classicu-2024-10-31-51452.048\u202fPM-1024x682.jpeg 1024w, http:\/\/da-creole-underground.com\/wp-content\/uploads\/2024\/11\/classicu-2024-10-31-51452.048\u202fPM-300x200.jpeg 300w, http:\/\/da-creole-underground.com\/wp-content\/uploads\/2024\/11\/classicu-2024-10-31-51452.048\u202fPM.jpeg 1802w\" sizes=\"auto, (max-width: 1024px) 100vw, 1024px\" \/><\/figure>\n\n\n\n<p class=\"has-text-align-center\" style=\"font-size:clamp(14px, 0.875rem + ((1vw - 3.2px) * 0.417), 18px);\">Derri\u00e8re la qualit\u00e9 de notre pain, une \u00e9quipe d\u00e9vou\u00e9e \u0153uvre chaque jour pour r\u00e9pondre aux attentes \u00e9lev\u00e9es des professionnels du secteur h\u00f4telier et de la restauration.<\/p>\n\n\n\n<div style=\"height:100px\" aria-hidden=\"true\" class=\"wp-block-spacer\"><\/div>\n\n\n\n<div class=\"wp-block-columns is-layout-flex wp-container-core-columns-is-layout-28f84493 wp-block-columns-is-layout-flex\">\n<div class=\"wp-block-column is-style-default is-layout-flow wp-block-column-is-layout-flow\" style=\"border-style:none;border-width:0px;padding-top:0;padding-right:0;padding-bottom:0;padding-left:0\">\n<h3 class=\"wp-block-heading\">Antoine Lacoste<\/h3>\n\n\n\n<p class=\"has-tertiary-color has-text-color has-link-color wp-elements-c317f3e92c6a39ef9db2449b7d28ad7b\">Fondateur \/ PDG<\/p>\n\n\n\n<p>Antoine est un entrepreneur passionn\u00e9 par les courses automobiles, autant mauvais cuisinier qu\u2019il est bon pilote, son plat de pr\u00e9dilection est une salade de tomates accompagn\u00e9e d\u2019une baguette fra\u00eeche.<\/p>\n<\/div>\n\n\n\n<div class=\"wp-block-column is-style-default is-layout-flow wp-block-column-is-layout-flow\" style=\"border-style:none;border-width:0px;padding-top:0;padding-right:0;padding-bottom:0;padding-left:0\">\n<h3 class=\"wp-block-heading\">Louis Chatin<\/h3>\n\n\n\n<p class=\"has-tertiary-color has-text-color has-link-color wp-elements-e3b990d7717766e4473796e27b70faf7\">Directeur commercial<\/p>\n\n\n\n<p>Louis est un passionn\u00e9 de sport, il aime d\u00e9fier les cols difficiles de la Tramuntana mallorquine \u00e0 v\u00e9lo. C\u2019est aussi un cuisinier talentueux, toujours en qu\u00eate de nouvelles id\u00e9es de recettes.<\/p>\n<\/div>\n\n\n\n<div class=\"wp-block-column is-style-default is-layout-flow wp-block-column-is-layout-flow\" style=\"border-style:none;border-width:0px;padding-top:0;padding-right:0;padding-bottom:0;padding-left:0\">\n<h3 class=\"wp-block-heading\">Yohan Dif<\/h3>\n\n\n\n<p class=\"has-tertiary-color has-text-color has-link-color wp-elements-60cb457895db5504e6fa7757e3431180\">Directeur d\u2019atelier<\/p>\n\n\n\n<p>Yohan est un boulanger prodige. Bon vivant, et toujours de bonne humeur, vous pourrez le surprendre en train de chanter dans l\u2019atelier ou de danser lors des diff\u00e9rentes soir\u00e9es qui rythment notre \u2019\u00eele.<\/p>\n<\/div>\n<\/div>\n\n\n\n<div style=\"height:100px\" aria-hidden=\"true\" class=\"wp-block-spacer\"><\/div>\n<\/div>\n\n\n\n<figure class=\"wp-block-gallery has-nested-images columns-default is-cropped wp-block-gallery-2 is-layout-flex wp-block-gallery-is-layout-flex\">\n<figure class=\"wp-block-image size-large\"><img loading=\"lazy\" decoding=\"async\" width=\"768\" height=\"1024\" data-id=\"384\" src=\"https:\/\/da-creole-underground.com\/wp-content\/uploads\/2024\/11\/IMG_3955-768x1024.jpeg\" alt=\"\" class=\"wp-image-384\" srcset=\"http:\/\/da-creole-underground.com\/wp-content\/uploads\/2024\/11\/IMG_3955-768x1024.jpeg 768w, http:\/\/da-creole-underground.com\/wp-content\/uploads\/2024\/11\/IMG_3955-225x300.jpeg 225w, http:\/\/da-creole-underground.com\/wp-content\/uploads\/2024\/11\/IMG_3955-2000x2667.jpeg 2000w, http:\/\/da-creole-underground.com\/wp-content\/uploads\/2024\/11\/IMG_3955-scaled.jpeg 1920w\" sizes=\"auto, (max-width: 768px) 100vw, 768px\" \/><figcaption class=\"wp-element-caption\">Un croissant matinal, devant nos bureaux !<\/figcaption><\/figure>\n\n\n\n<figure class=\"wp-block-image size-large\"><img loading=\"lazy\" decoding=\"async\" width=\"1024\" height=\"731\" data-id=\"386\" src=\"https:\/\/da-creole-underground.com\/wp-content\/uploads\/2024\/11\/IMG_2837-1024x731.jpeg\" alt=\"\" class=\"wp-image-386\" srcset=\"http:\/\/da-creole-underground.com\/wp-content\/uploads\/2024\/11\/IMG_2837-1024x731.jpeg 1024w, http:\/\/da-creole-underground.com\/wp-content\/uploads\/2024\/11\/IMG_2837-300x214.jpeg 300w, http:\/\/da-creole-underground.com\/wp-content\/uploads\/2024\/11\/IMG_2837-2000x1429.jpeg 2000w\" sizes=\"auto, (max-width: 1024px) 100vw, 1024px\" \/><figcaption class=\"wp-element-caption\">Une tourn\u00e9e de livraison en famille \ud83d\ude42<\/figcaption><\/figure>\n<\/figure>\n\n\n\n<div style=\"height:100px\" aria-hidden=\"true\" class=\"wp-block-spacer\"><\/div>\n\n\n\n<h3 class=\"wp-block-heading has-text-align-left has-primary-color has-text-color has-max-36-font-size\">Notre parcours en chiffres<\/h3>\n\n\n\n<div class=\"wp-block-group has-primary-color has-white-background-color has-text-color has-background is-layout-flow wp-block-group-is-layout-flow\" style=\"border-radius:20px;padding-top:50px;padding-right:50px;padding-bottom:50px;padding-left:50px\">\n<div class=\"wp-block-columns is-layout-flex wp-container-core-columns-is-layout-28f84493 wp-block-columns-is-layout-flex\">\n<div class=\"wp-block-column is-layout-flow wp-block-column-is-layout-flow\">\n<p class=\"has-text-align-center has-secondary-color has-text-color has-link-color has-max-48-font-size wp-elements-cc8003bc0703a2f12c904633b17088ff\"><strong>100+<\/strong><\/p>\n\n\n\n<p class=\"has-text-align-center\">Clients satisfaits<\/p>\n<\/div>\n\n\n\n<div class=\"wp-block-column is-layout-flow wp-block-column-is-layout-flow\">\n<p class=\"has-text-align-center has-secondary-color has-text-color has-link-color has-max-48-font-size wp-elements-f7ecc8a3ac4ad2468815355838b28b9d\"><strong>80<\/strong><\/p>\n\n\n\n<p class=\"has-text-align-center\">R\u00e9f\u00e9rences produit<\/p>\n<\/div>\n\n\n\n<div class=\"wp-block-column is-layout-flow wp-block-column-is-layout-flow\">\n<p class=\"has-text-align-center has-secondary-color has-text-color has-link-color has-max-48-font-size wp-elements-51069bb7c971e550f7939ba18bd71596\"><strong>3<\/strong><\/p>\n\n\n\n<p class=\"has-text-align-center\">Iles livr\u00e9es (Mallorque, Minorque, Ibiza)<\/p>\n<\/div>\n<\/div>\n<\/div>\n","protected":false},"excerpt":{"rendered":"<p>\u201cDe l\u2019eau, du sel, de la farine de qualit\u00e9 et\u2026 du temps : voil\u00e0 nos ingr\u00e9dients.\u201d CO-PAIN pr\u00e9sente l\u2019un des produits phares de la gastronomie fran\u00e7aise : le pain artisanal, ainsi que toute sa gamme de viennoiseries et p\u00e2tisseries. Ces d\u00e9lices sont fabriqu\u00e9s sur place \u00e0 Mallorque, dans notre atelier, par des ma\u00eetres boulangers fran\u00e7ais. &hellip; <\/p>\n<p class=\"link-more\"><a href=\"http:\/\/da-creole-underground.com\/index.php\/fr\/a-propos\/\" class=\"more-link\">Read more<span class=\"screen-reader-text\"> &#8220;A PROPOS&#8221;<\/span><\/a><\/p>\n","protected":false},"author":1,"featured_media":0,"parent":0,"menu_order":0,"comment_status":"closed","ping_status":"closed","template":"","meta":{"_monsterinsights_skip_tracking":false,"_monsterinsights_sitenote_active":false,"_monsterinsights_sitenote_note":"","_monsterinsights_sitenote_category":0,"footnotes":""},"class_list":["post-434","page","type-page","status-publish","hentry"],"_links":{"self":[{"href":"http:\/\/da-creole-underground.com\/index.php\/wp-json\/wp\/v2\/pages\/434","targetHints":{"allow":["GET"]}}],"collection":[{"href":"http:\/\/da-creole-underground.com\/index.php\/wp-json\/wp\/v2\/pages"}],"about":[{"href":"http:\/\/da-creole-underground.com\/index.php\/wp-json\/wp\/v2\/types\/page"}],"author":[{"embeddable":true,"href":"http:\/\/da-creole-underground.com\/index.php\/wp-json\/wp\/v2\/users\/1"}],"replies":[{"embeddable":true,"href":"http:\/\/da-creole-underground.com\/index.php\/wp-json\/wp\/v2\/comments?post=434"}],"version-history":[{"count":5,"href":"http:\/\/da-creole-underground.com\/index.php\/wp-json\/wp\/v2\/pages\/434\/revisions"}],"predecessor-version":[{"id":443,"href":"http:\/\/da-creole-underground.com\/index.php\/wp-json\/wp\/v2\/pages\/434\/revisions\/443"}],"wp:attachment":[{"href":"http:\/\/da-creole-underground.com\/index.php\/wp-json\/wp\/v2\/media?parent=434"}],"curies":[{"name":"wp","href":"https:\/\/api.w.org\/{rel}","templated":true}]}}

<h2 class="wp-block-heading has-text-align-center has-secondary-color has-white-background-color has-text-color has-background has-link-color wp-elements-28dec3f0597b3c2981a8179d4498f3b7"><em>“De l’eau, du sel, de la farine de qualité et… du temps : voilà nos ingrédients.”</em></h2>



<div class="wp-block-group has-global-padding is-layout-constrained wp-container-core-group-is-layout-3a820303 wp-block-group-is-layout-constrained" style="padding-right:var(--wp--preset--spacing--small);padding-left:var(--wp--preset--spacing--small)">
<p class="has-text-align-center" style="font-size:clamp(14px, 0.875rem + ((1vw - 3.2px) * 0.417), 18px);">CO-PAIN présente l’un des produits phares de la gastronomie française : le pain artisanal, ainsi que toute sa gamme de viennoiseries et pâtisseries. Ces délices sont fabriqués sur place à Mallorque, dans notre atelier, par des maîtres boulangers français.</p>



<figure class="wp-block-gallery has-nested-images columns-default is-cropped wp-block-gallery-1 is-layout-flex wp-block-gallery-is-layout-flex">
<figure class="wp-block-image size-large"><img loading="lazy" decoding="async" width="576" height="1024" data-id="382" src="https://da-creole-underground.com/wp-content/uploads/2024/11/IMG_2823-576x1024.jpeg" alt="" class="wp-image-382" srcset="http://da-creole-underground.com/wp-content/uploads/2024/11/IMG_2823-576x1024.jpeg 576w, http://da-creole-underground.com/wp-content/uploads/2024/11/IMG_2823-169x300.jpeg 169w, http://da-creole-underground.com/wp-content/uploads/2024/11/IMG_2823-2000x3556.jpeg 2000w, http://da-creole-underground.com/wp-content/uploads/2024/11/IMG_2823-scaled.jpeg 1440w" sizes="auto, (max-width: 576px) 100vw, 576px" /><figcaption class="wp-element-caption">Une baguette tradition dans la vieille ville de Palma</figcaption></figure>



<figure class="wp-block-image size-full"><img decoding="async" data-id="428" src="http://da-creole-underground.com/wp-content/uploads/2024/11/e17ba842-715d-4f2f-9b7c-2d6e1824bc18-3.mov" alt="" class="wp-image-428"/></figure>



<figure class="wp-block-image size-large"><img loading="lazy" decoding="async" width="576" height="1024" data-id="383" src="https://da-creole-underground.com/wp-content/uploads/2024/11/IMG_2847-576x1024.jpeg" alt="" class="wp-image-383" srcset="http://da-creole-underground.com/wp-content/uploads/2024/11/IMG_2847-576x1024.jpeg 576w, http://da-creole-underground.com/wp-content/uploads/2024/11/IMG_2847-169x300.jpeg 169w, http://da-creole-underground.com/wp-content/uploads/2024/11/IMG_2847-2000x3556.jpeg 2000w, http://da-creole-underground.com/wp-content/uploads/2024/11/IMG_2847-scaled.jpeg 1440w" sizes="auto, (max-width: 576px) 100vw, 576px" /><figcaption class="wp-element-caption">Notre focaccia naturel à salvatje</figcaption></figure>
</figure>



<div class="wp-block-group has-global-padding is-layout-constrained wp-block-group-is-layout-constrained">
<h2 class="wp-block-heading has-large-font-size">Nos valeurs</h2>



<div class="wp-block-columns wp-embed-aspect-16-9 wp-has-aspect-ratio has-background is-layout-flex wp-container-core-columns-is-layout-ec2e7a44 wp-block-columns-is-layout-flex" style="border-style:none;border-width:0px;background-color:#0bb5aa2e;padding-top:0;padding-bottom:0">
<div class="wp-block-column is-layout-flow wp-block-column-is-layout-flow">
<ul class="wp-block-list">
<li>Nous sommes convaincus de l’importance d’offrir à nos clients un service personnalisé. C’est pourquoi tous nos produits sont fabriqués directement à Mallorque, dans notre atelier, et notre équipe se charge de les livrer personnellement, congelés, directement à votre porte.</li>
</ul>



<ul class="wp-block-list">
<li>Nous sélectionnons la meilleure farine française, provenant de l’un des derniers moulins français 100 % biologiques, tout en soutenant la pratique du « km 0 » en privilégiant l’agriculture locale. C’est pourquoi nous utilisons le meilleur de la production mallorquine, tels que les olives, la farine de caroube et l’huile d’olive.</li>
</ul>



<ul class="wp-block-list">
<li>Parce que nous valorisons le talent, nous avons recruté avec soin les meilleurs boulangers français pour diriger notre atelier.</li>
</ul>
</div>
</div>
</div>



<div style="height:42px" aria-hidden="true" class="wp-block-spacer wp-embed-aspect-16-9 wp-has-aspect-ratio"></div>



<h2 class="wp-block-heading has-large-font-size">Notre équipe</h2>



<figure class="wp-block-image aligncenter size-large is-resized"><img loading="lazy" decoding="async" width="1024" height="682" src="https://da-creole-underground.com/wp-content/uploads/2024/11/classicu-2024-10-31-51452.048 PM-1024x682.jpeg" alt="" class="wp-image-385" style="aspect-ratio:16/9;object-fit:cover;width:614px;height:auto" srcset="http://da-creole-underground.com/wp-content/uploads/2024/11/classicu-2024-10-31-51452.048 PM-1024x682.jpeg 1024w, http://da-creole-underground.com/wp-content/uploads/2024/11/classicu-2024-10-31-51452.048 PM-300x200.jpeg 300w, http://da-creole-underground.com/wp-content/uploads/2024/11/classicu-2024-10-31-51452.048 PM.jpeg 1802w" sizes="auto, (max-width: 1024px) 100vw, 1024px" /></figure>



<p class="has-text-align-center" style="font-size:clamp(14px, 0.875rem + ((1vw - 3.2px) * 0.417), 18px);">Derrière la qualité de notre pain, une équipe dévouée œuvre chaque jour pour répondre aux attentes élevées des professionnels du secteur hôtelier et de la restauration.</p>



<div style="height:100px" aria-hidden="true" class="wp-block-spacer"></div>



<div class="wp-block-columns is-layout-flex wp-container-core-columns-is-layout-28f84493 wp-block-columns-is-layout-flex">
<div class="wp-block-column is-style-default is-layout-flow wp-block-column-is-layout-flow" style="border-style:none;border-width:0px;padding-top:0;padding-right:0;padding-bottom:0;padding-left:0">
<h3 class="wp-block-heading">Antoine Lacoste</h3>



<p class="has-tertiary-color has-text-color has-link-color wp-elements-c317f3e92c6a39ef9db2449b7d28ad7b">Fondateur / PDG</p>



<p>Antoine est un entrepreneur passionné par les courses automobiles, autant mauvais cuisinier qu’il est bon pilote, son plat de prédilection est une salade de tomates accompagnée d’une baguette fraîche.</p>
</div>



<div class="wp-block-column is-style-default is-layout-flow wp-block-column-is-layout-flow" style="border-style:none;border-width:0px;padding-top:0;padding-right:0;padding-bottom:0;padding-left:0">
<h3 class="wp-block-heading">Louis Chatin</h3>



<p class="has-tertiary-color has-text-color has-link-color wp-elements-e3b990d7717766e4473796e27b70faf7">Directeur commercial</p>



<p>Louis est un passionné de sport, il aime défier les cols difficiles de la Tramuntana mallorquine à vélo. C’est aussi un cuisinier talentueux, toujours en quête de nouvelles idées de recettes.</p>
</div>



<div class="wp-block-column is-style-default is-layout-flow wp-block-column-is-layout-flow" style="border-style:none;border-width:0px;padding-top:0;padding-right:0;padding-bottom:0;padding-left:0">
<h3 class="wp-block-heading">Yohan Dif</h3>



<p class="has-tertiary-color has-text-color has-link-color wp-elements-60cb457895db5504e6fa7757e3431180">Directeur d’atelier</p>



<p>Yohan est un boulanger prodige. Bon vivant, et toujours de bonne humeur, vous pourrez le surprendre en train de chanter dans l’atelier ou de danser lors des différentes soirées qui rythment notre ’île.</p>
</div>
</div>



<div style="height:100px" aria-hidden="true" class="wp-block-spacer"></div>
</div>



<figure class="wp-block-gallery has-nested-images columns-default is-cropped wp-block-gallery-2 is-layout-flex wp-block-gallery-is-layout-flex">
<figure class="wp-block-image size-large"><img loading="lazy" decoding="async" width="768" height="1024" data-id="384" src="https://da-creole-underground.com/wp-content/uploads/2024/11/IMG_3955-768x1024.jpeg" alt="" class="wp-image-384" srcset="http://da-creole-underground.com/wp-content/uploads/2024/11/IMG_3955-768x1024.jpeg 768w, http://da-creole-underground.com/wp-content/uploads/2024/11/IMG_3955-225x300.jpeg 225w, http://da-creole-underground.com/wp-content/uploads/2024/11/IMG_3955-2000x2667.jpeg 2000w, http://da-creole-underground.com/wp-content/uploads/2024/11/IMG_3955-scaled.jpeg 1920w" sizes="auto, (max-width: 768px) 100vw, 768px" /><figcaption class="wp-element-caption">Un croissant matinal, devant nos bureaux !</figcaption></figure>



<figure class="wp-block-image size-large"><img loading="lazy" decoding="async" width="1024" height="731" data-id="386" src="https://da-creole-underground.com/wp-content/uploads/2024/11/IMG_2837-1024x731.jpeg" alt="" class="wp-image-386" srcset="http://da-creole-underground.com/wp-content/uploads/2024/11/IMG_2837-1024x731.jpeg 1024w, http://da-creole-underground.com/wp-content/uploads/2024/11/IMG_2837-300x214.jpeg 300w, http://da-creole-underground.com/wp-content/uploads/2024/11/IMG_2837-2000x1429.jpeg 2000w" sizes="auto, (max-width: 1024px) 100vw, 1024px" /><figcaption class="wp-element-caption">Une tournée de livraison en famille 🙂</figcaption></figure>
</figure>



<div style="height:100px" aria-hidden="true" class="wp-block-spacer"></div>



<h3 class="wp-block-heading has-text-align-left has-primary-color has-text-color has-max-36-font-size">Notre parcours en chiffres</h3>



<div class="wp-block-group has-primary-color has-white-background-color has-text-color has-background is-layout-flow wp-block-group-is-layout-flow" style="border-radius:20px;padding-top:50px;padding-right:50px;padding-bottom:50px;padding-left:50px">
<div class="wp-block-columns is-layout-flex wp-container-core-columns-is-layout-28f84493 wp-block-columns-is-layout-flex">
<div class="wp-block-column is-layout-flow wp-block-column-is-layout-flow">
<p class="has-text-align-center has-secondary-color has-text-color has-link-color has-max-48-font-size wp-elements-cc8003bc0703a2f12c904633b17088ff"><strong>100+</strong></p>



<p class="has-text-align-center">Clients satisfaits</p>
</div>



<div class="wp-block-column is-layout-flow wp-block-column-is-layout-flow">
<p class="has-text-align-center has-secondary-color has-text-color has-link-color has-max-48-font-size wp-elements-f7ecc8a3ac4ad2468815355838b28b9d"><strong>80</strong></p>



<p class="has-text-align-center">Références produit</p>
</div>



<div class="wp-block-column is-layout-flow wp-block-column-is-layout-flow">
<p class="has-text-align-center has-secondary-color has-text-color has-link-color has-max-48-font-size wp-elements-51069bb7c971e550f7939ba18bd71596"><strong>3</strong></p>



<p class="has-text-align-center">Iles livrées (Mallorque, Minorque, Ibiza)</p>
</div>
</div>
</div>

<p>“De l’eau, du sel, de la farine de qualité et… du temps : voilà nos ingrédients.” CO-PAIN présente l’un des produits phares de la gastronomie française : le pain artisanal, ainsi que toute sa gamme de viennoiseries et pâtisseries. Ces délices sont fabriqués sur place à Mallorque, dans notre atelier, par des maîtres boulangers français. &hellip; </p>
<p class="link-more"><a href="http://da-creole-underground.com/index.php/fr/a-propos/" class="more-link">Read more<span class="screen-reader-text"> &#8220;A PROPOS&#8221;</span></a></p>
